{"id":4041,"date":"2022-07-14T11:12:34","date_gmt":"2022-07-14T09:12:34","guid":{"rendered":"https:\/\/www.pakal-shop.com\/?page_id=4041"},"modified":"2026-04-13T17:07:45","modified_gmt":"2026-04-13T15:07:45","slug":"qui-a-fabrique-mon-hamac","status":"publish","type":"page","link":"https:\/\/www.pakal-shop.com\/fr\/who-made-my-hammock\/","title":{"rendered":"Qui a fabriqu\u00e9 mon hamac mexicain?"},"content":{"rendered":"<div class=\"wpb-content-wrapper\"><div class=\"vc_row wpb_row vc_row-fluid vc_row-o-content-middle vc_row-flex la_fp_slide la_fp_child_section\"><div class=\"wpb_column vc_column_container vc_col-sm-6\"><div class=\"vc_column-inner\"><div class=\"wpb_wrapper\">\n\t<div  class=\"wpb_single_image wpb_content_element vc_align_center wpb_content_element\">\n\t\t\n\t\t<figure class=\"wpb_wrapper vc_figure\">\n\t\t\t<div class=\"vc_single_image-wrapper   vc_box_border_grey\"><img fetchpriority=\"high\" decoding=\"async\" class=\"vc_single_image-img\" src=\"https:\/\/www.pakal-shop.com\/wp-content\/uploads\/2022\/07\/Capture-de\u0301cran-2022-07-14-a\u0300-10.47.06-e1657790817660-400x450.png\" width=\"400\" height=\"450\" alt=\"Capture d\u2019e\u0301cran 2022-07-14 a\u0300 10.47.06\" title=\"Capture d\u2019e\u0301cran 2022-07-14 a\u0300 10.47.06\" \/><\/div>\n\t\t<\/figure>\n\t<\/div>\n<\/div><\/div><\/div><div class=\"wpb_column vc_column_container vc_col-sm-6\"><div class=\"vc_column-inner\"><div class=\"wpb_wrapper\"><h1 style=\"font-size: 40px;color: #dcb86c;text-align: center;font-family:Amatic SC;font-weight:400;font-style:normal\" class=\"vc_custom_heading vc_do_custom_heading\" >Qui a fabriqu\u00e9 mon hamac mexicain?<\/h1>\n\t<div class=\"wpb_text_column wpb_content_element\" >\n\t\t<div class=\"wpb_wrapper\">\n\t\t\t<div class=\"h5\" style=\"text-align: center;\"><span class=\"light\">Derri\u00e8re chaque hamac se cache une histoire \u2014 celle des mains, du temps et d\u2019un h\u00e9ritage pr\u00e9cieux. Tiss\u00e9 dans la <span class=\"hover:entity-accent entity-underline inline cursor-pointer align-baseline\"><span class=\"whitespace-normal\">p\u00e9ninsule du Yucat\u00e1n<\/span><\/span> par des artisans mayas exp\u00e9riment\u00e9s, chaque pi\u00e8ce perp\u00e9tue un savoir-faire ancestral, bien ant\u00e9rieur \u00e0 Christophe Colomb, transmis de g\u00e9n\u00e9ration en g\u00e9n\u00e9ration avec soin et fiert\u00e9.<\/span><\/div>\n<div class=\"h5\"><\/div>\n<div class=\"h5\" style=\"text-align: center;\"><span class=\"light\">Nous vous invitons \u00e0 d\u00e9couvrir l\u2019histoire de la fabrication du hamac traditionnel maya \u2014 un r\u00e9cit d\u2019artisanat profond\u00e9ment enracin\u00e9 dans l\u2019histoire d\u2019un peuple. Aujourd\u2019hui, ce savoir-faire maya est aussi une source de revenus essentielle pour les communaut\u00e9s indig\u00e8nes du Yucat\u00e1n, o\u00f9 une production \u00e9thique de hamacs contribue \u00e0 faire vivre \u00e0 la fois les familles et la culture. Une expression vivante du patrimoine maya, encore pr\u00e9sente dans chaque fil.<\/span><\/div>\n\n\t\t<\/div>\n\t<\/div>\n<\/div><\/div><\/div><\/div><div class=\"vc_row wpb_row vc_row-fluid vc_custom_1761843284355 la_fp_slide la_fp_child_section\"><div class=\"wpb_column vc_column_container vc_col-sm-12\"><div class=\"vc_column-inner vc_custom_1775683293045\"><div class=\"wpb_wrapper\"><h2 style=\"font-size: 25px;text-align: center;font-family:Montserrat;font-weight:700;font-style:normal\" class=\"vc_custom_heading vc_do_custom_heading\" >Plongez dans la fabrication du hamac maya artisanal<\/h2><\/div><\/div><\/div><\/div><div class=\"vc_row wpb_row vc_row-fluid la_fp_slide la_fp_child_section\"><div class=\"wpb_column vc_column_container vc_col-sm-4\"><div class=\"vc_column-inner\"><div class=\"wpb_wrapper\">\n\t<div  class=\"wpb_single_image wpb_content_element vc_align_center wpb_content_element\">\n\t\t\n\t\t<figure class=\"wpb_wrapper vc_figure\">\n\t\t\t<div class=\"vc_single_image-wrapper   vc_box_border_grey\"><img decoding=\"async\" class=\"vc_single_image-img\" src=\"https:\/\/www.pakal-shop.com\/wp-content\/uploads\/2022\/07\/Capture-de\u0301cran-2022-07-14-a\u0300-10.55.44-350x350.png\" width=\"350\" height=\"350\" alt=\"Capture d\u2019e\u0301cran 2022-07-14 a\u0300 10.55.44\" title=\"Capture d\u2019e\u0301cran 2022-07-14 a\u0300 10.55.44\" \/><\/div>\n\t\t<\/figure>\n\t<\/div>\n\n\t<div class=\"wpb_text_column wpb_content_element\" >\n\t\t<div class=\"wpb_wrapper\">\n\t\t\t<h5 style=\"text-align: center;\"><\/h5>\n<div class=\"h5\" style=\"text-align: center;\"><span class=\"light\"><span style=\"color: #dcb86c;\"><a style=\"color: #dcb86c;\" href=\"https:\/\/www.pakal-shop.com\/fr\/hamac-mexicain\/\">Les Hamacs Mayas<\/a> <\/span>sont tiss\u00e9s \u00e0 la main sur de solides m\u00e9tiers \u00e0 tisser en bois, fabriqu\u00e9s \u00e0 partir de branches d\u2019arbres robustes. \u00c0 partir de fils de coton doux ou de nylon r\u00e9sistant, chaque artisan de hamac mexicain met environ une semaine \u00e0 r\u00e9aliser une seule pi\u00e8ce.<\/span><\/div>\n\n\t\t<\/div>\n\t<\/div>\n<\/div><\/div><\/div><div class=\"wpb_column vc_column_container vc_col-sm-4\"><div class=\"vc_column-inner\"><div class=\"wpb_wrapper\">\n\t<div  class=\"wpb_single_image wpb_content_element vc_align_center wpb_content_element\">\n\t\t\n\t\t<figure class=\"wpb_wrapper vc_figure\">\n\t\t\t<div class=\"vc_single_image-wrapper   vc_box_border_grey\"><img decoding=\"async\" class=\"vc_single_image-img\" src=\"https:\/\/www.pakal-shop.com\/wp-content\/uploads\/2022\/07\/Capture-de\u0301cran-2022-07-14-a\u0300-10.51.50-e1657794323792-350x350.png\" width=\"350\" height=\"350\" alt=\"Capture d\u2019e\u0301cran 2022-07-14 a\u0300 10.51.50\" title=\"Capture d\u2019e\u0301cran 2022-07-14 a\u0300 10.51.50\" \/><\/div>\n\t\t<\/figure>\n\t<\/div>\n\n\t<div class=\"wpb_text_column wpb_content_element\" >\n\t\t<div class=\"wpb_wrapper\">\n\t\t\t<div class=\"h5\" style=\"text-align: center;\"><\/div>\n<div class=\"h5\" style=\"text-align: center;\"><span class=\"light\"><span style=\"color: #dcb86c;\"><a style=\"color: #dcb86c;\" href=\"https:\/\/www.pakal-shop.com\/fr\/hamac-mexicain\/\">Les hamacs tiss\u00e9s main<\/a><\/span> sont confectionn\u00e9s chez des tisserands mayas exp\u00e9riment\u00e9s, permettant aux hommes et aux femmes de prendre soin de leur foyer tout en perp\u00e9tuant le tissage maya traditionnel et en gagnant leur vie gr\u00e2ce \u00e0 une production de hamacs durable.<\/span><\/div>\n\n\t\t<\/div>\n\t<\/div>\n<\/div><\/div><\/div><div class=\"wpb_column vc_column_container vc_col-sm-4\"><div class=\"vc_column-inner\"><div class=\"wpb_wrapper\">\n\t<div  class=\"wpb_single_image wpb_content_element vc_align_left wpb_content_element\">\n\t\t\n\t\t<figure class=\"wpb_wrapper vc_figure\">\n\t\t\t<div class=\"vc_single_image-wrapper   vc_box_border_grey\"><img loading=\"lazy\" decoding=\"async\" class=\"vc_single_image-img\" src=\"https:\/\/www.pakal-shop.com\/wp-content\/uploads\/2022\/07\/Capture-de\u0301cran-2022-07-19-a\u0300-17.04.04-e1658244285373-350x350.png\" width=\"350\" height=\"350\" alt=\"Capture d\u2019e\u0301cran 2022-07-19 a\u0300 17.04.04\" title=\"Capture d\u2019e\u0301cran 2022-07-19 a\u0300 17.04.04\" \/><\/div>\n\t\t<\/figure>\n\t<\/div>\n\n\t<div class=\"wpb_text_column wpb_content_element\" >\n\t\t<div class=\"wpb_wrapper\">\n\t\t\t<h5 style=\"text-align: center;\"><\/h5>\n<div class=\"h5\" style=\"text-align: center;\"><span class=\"light\">Transmise de g\u00e9n\u00e9ration en g\u00e9n\u00e9ration, la technique du <span style=\"color: #dcb86c;\"><a style=\"color: #dcb86c;\" href=\"https:\/\/www.pakal-shop.com\/fr\/hamac-mexicain\/\">hamac du Yucat\u00e1n<\/a><\/span> perp\u00e9tue un savoir ancestral vivant, permettant aux artisans mayas de tisser non seulement des fils, mais une tradition vivante, riche de culture, de savoir-faire et d\u2019\u00e2me.<\/span><\/div>\n\n\t\t<\/div>\n\t<\/div>\n<\/div><\/div><\/div><\/div><div class=\"vc_row wpb_row vc_row-fluid la_fp_slide la_fp_child_section\"><div class=\"wpb_column vc_column_container vc_col-sm-12 vc_col-has-fill\"><div class=\"vc_column-inner vc_custom_1657801225730\"><div class=\"wpb_wrapper\"><h3 style=\"font-size: 18px;color: #ffffff;text-align: center;font-family:Montserrat;font-weight:700;font-style:normal\" class=\"vc_custom_heading vc_do_custom_heading\" >\u00c0 travers nos hamacs tiss\u00e9s \u00e0 la main, vous contribuez \u00e0 pr\u00e9server le patrimoine maya.<\/h3><div class=\"btn-wrapper btn-align-center\">\n    <a class=\"btn btn-color-white btn-align-center btn-size-md btn-style-outline\" href=\"https:\/\/www.pakal-shop.com\/fr\/hamac-mexicain\/\" title=\"\"><span>Nos Hamacs Mayas<\/span><\/a><\/div><\/div><\/div><\/div><\/div>\n<\/div>","protected":false},"excerpt":{"rendered":"Who Made my Hammock? Behind every hammock lies a story \u2014 one of hands, heritage, and time. Woven in the Yucat\u00e1n Peninsula by skilled Mayan hammock makers, each piece carries forward an ancestral craft that predates Columbus, passed down through generations with care and pride. We invite you to step into the story behind each piece \u2014 a hammock artisan&hellip;","protected":false},"author":1,"featured_media":0,"parent":0,"menu_order":0,"comment_status":"closed","ping_status":"closed","template":"","meta":{"footnotes":""},"class_list":["post-4041","page","type-page","status-publish","hentry"],"_links":{"self":[{"href":"https:\/\/www.pakal-shop.com\/fr\/wp-json\/wp\/v2\/pages\/4041","targetHints":{"allow":["GET"]}}],"collection":[{"href":"https:\/\/www.pakal-shop.com\/fr\/wp-json\/wp\/v2\/pages"}],"about":[{"href":"https:\/\/www.pakal-shop.com\/fr\/wp-json\/wp\/v2\/types\/page"}],"author":[{"embeddable":true,"href":"https:\/\/www.pakal-shop.com\/fr\/wp-json\/wp\/v2\/users\/1"}],"replies":[{"embeddable":true,"href":"https:\/\/www.pakal-shop.com\/fr\/wp-json\/wp\/v2\/comments?post=4041"}],"version-history":[{"count":22,"href":"https:\/\/www.pakal-shop.com\/fr\/wp-json\/wp\/v2\/pages\/4041\/revisions"}],"predecessor-version":[{"id":9663,"href":"https:\/\/www.pakal-shop.com\/fr\/wp-json\/wp\/v2\/pages\/4041\/revisions\/9663"}],"wp:attachment":[{"href":"https:\/\/www.pakal-shop.com\/fr\/wp-json\/wp\/v2\/media?parent=4041"}],"curies":[{"name":"wp","href":"https:\/\/api.w.org\/{rel}","templated":true}]}}

Qui a fabriqué mon hamac mexicain?

<div class="wpb-content-wrapper"><div class="vc_row wpb_row vc_row-fluid vc_row-o-content-middle vc_row-flex la_fp_slide la_fp_child_section"><div class="wpb_column vc_column_container vc_col-sm-6"><div class="vc_column-inner"><div class="wpb_wrapper">
	<div  class="wpb_single_image wpb_content_element vc_align_center wpb_content_element">
		
		<figure class="wpb_wrapper vc_figure">
			<div class="vc_single_image-wrapper   vc_box_border_grey"><img fetchpriority="high" decoding="async" class="vc_single_image-img" src="https://www.pakal-shop.com/wp-content/uploads/2022/07/Capture-décran-2022-07-14-à-10.47.06-e1657790817660-400x450.png" width="400" height="450" alt="Capture d’écran 2022-07-14 à 10.47.06" title="Capture d’écran 2022-07-14 à 10.47.06" /></div>
		</figure>
	</div>
</div></div></div><div class="wpb_column vc_column_container vc_col-sm-6"><div class="vc_column-inner"><div class="wpb_wrapper"><h1 style="font-size: 40px;color: #dcb86c;text-align: center;font-family:Amatic SC;font-weight:400;font-style:normal" class="vc_custom_heading vc_do_custom_heading" >Qui a fabriqué mon hamac mexicain?</h1>
	<div class="wpb_text_column wpb_content_element" >
		<div class="wpb_wrapper">
			<div class="h5" style="text-align: center;"><span class="light">Derrière chaque hamac se cache une histoire — celle des mains, du temps et d’un héritage précieux. Tissé dans la <span class="hover:entity-accent entity-underline inline cursor-pointer align-baseline"><span class="whitespace-normal">péninsule du Yucatán</span></span> par des artisans mayas expérimentés, chaque pièce perpétue un savoir-faire ancestral, bien antérieur à Christophe Colomb, transmis de génération en génération avec soin et fierté.</span></div>
<div class="h5"></div>
<div class="h5" style="text-align: center;"><span class="light">Nous vous invitons à découvrir l’histoire de la fabrication du hamac traditionnel maya — un récit d’artisanat profondément enraciné dans l’histoire d’un peuple. Aujourd’hui, ce savoir-faire maya est aussi une source de revenus essentielle pour les communautés indigènes du Yucatán, où une production éthique de hamacs contribue à faire vivre à la fois les familles et la culture. Une expression vivante du patrimoine maya, encore présente dans chaque fil.</span></div>

		</div>
	</div>
</div></div></div></div><div class="vc_row wpb_row vc_row-fluid vc_custom_1761843284355 la_fp_slide la_fp_child_section"><div class="wpb_column vc_column_container vc_col-sm-12"><div class="vc_column-inner vc_custom_1775683293045"><div class="wpb_wrapper"><h2 style="font-size: 25px;text-align: center;font-family:Montserrat;font-weight:700;font-style:normal" class="vc_custom_heading vc_do_custom_heading" >Plongez dans la fabrication du hamac maya artisanal</h2></div></div></div></div><div class="vc_row wpb_row vc_row-fluid la_fp_slide la_fp_child_section"><div class="wpb_column vc_column_container vc_col-sm-4"><div class="vc_column-inner"><div class="wpb_wrapper">
	<div  class="wpb_single_image wpb_content_element vc_align_center wpb_content_element">
		
		<figure class="wpb_wrapper vc_figure">
			<div class="vc_single_image-wrapper   vc_box_border_grey"><img decoding="async" class="vc_single_image-img" src="https://www.pakal-shop.com/wp-content/uploads/2022/07/Capture-décran-2022-07-14-à-10.55.44-350x350.png" width="350" height="350" alt="Capture d’écran 2022-07-14 à 10.55.44" title="Capture d’écran 2022-07-14 à 10.55.44" /></div>
		</figure>
	</div>

	<div class="wpb_text_column wpb_content_element" >
		<div class="wpb_wrapper">
			<h5 style="text-align: center;"></h5>
<div class="h5" style="text-align: center;"><span class="light"><span style="color: #dcb86c;"><a style="color: #dcb86c;" href="https://www.pakal-shop.com/fr/hamac-mexicain/">Les Hamacs Mayas</a> </span>sont tissés à la main sur de solides métiers à tisser en bois, fabriqués à partir de branches d’arbres robustes. À partir de fils de coton doux ou de nylon résistant, chaque artisan de hamac mexicain met environ une semaine à réaliser une seule pièce.</span></div>

		</div>
	</div>
</div></div></div><div class="wpb_column vc_column_container vc_col-sm-4"><div class="vc_column-inner"><div class="wpb_wrapper">
	<div  class="wpb_single_image wpb_content_element vc_align_center wpb_content_element">
		
		<figure class="wpb_wrapper vc_figure">
			<div class="vc_single_image-wrapper   vc_box_border_grey"><img decoding="async" class="vc_single_image-img" src="https://www.pakal-shop.com/wp-content/uploads/2022/07/Capture-décran-2022-07-14-à-10.51.50-e1657794323792-350x350.png" width="350" height="350" alt="Capture d’écran 2022-07-14 à 10.51.50" title="Capture d’écran 2022-07-14 à 10.51.50" /></div>
		</figure>
	</div>

	<div class="wpb_text_column wpb_content_element" >
		<div class="wpb_wrapper">
			<div class="h5" style="text-align: center;"></div>
<div class="h5" style="text-align: center;"><span class="light"><span style="color: #dcb86c;"><a style="color: #dcb86c;" href="https://www.pakal-shop.com/fr/hamac-mexicain/">Les hamacs tissés main</a></span> sont confectionnés chez des tisserands mayas expérimentés, permettant aux hommes et aux femmes de prendre soin de leur foyer tout en perpétuant le tissage maya traditionnel et en gagnant leur vie grâce à une production de hamacs durable.</span></div>

		</div>
	</div>
</div></div></div><div class="wpb_column vc_column_container vc_col-sm-4"><div class="vc_column-inner"><div class="wpb_wrapper">
	<div  class="wpb_single_image wpb_content_element vc_align_left wpb_content_element">
		
		<figure class="wpb_wrapper vc_figure">
			<div class="vc_single_image-wrapper   vc_box_border_grey"><img loading="lazy" decoding="async" class="vc_single_image-img" src="https://www.pakal-shop.com/wp-content/uploads/2022/07/Capture-décran-2022-07-19-à-17.04.04-e1658244285373-350x350.png" width="350" height="350" alt="Capture d’écran 2022-07-19 à 17.04.04" title="Capture d’écran 2022-07-19 à 17.04.04" /></div>
		</figure>
	</div>

	<div class="wpb_text_column wpb_content_element" >
		<div class="wpb_wrapper">
			<h5 style="text-align: center;"></h5>
<div class="h5" style="text-align: center;"><span class="light">Transmise de génération en génération, la technique du <span style="color: #dcb86c;"><a style="color: #dcb86c;" href="https://www.pakal-shop.com/fr/hamac-mexicain/">hamac du Yucatán</a></span> perpétue un savoir ancestral vivant, permettant aux artisans mayas de tisser non seulement des fils, mais une tradition vivante, riche de culture, de savoir-faire et d’âme.</span></div>

		</div>
	</div>
</div></div></div></div><div class="vc_row wpb_row vc_row-fluid la_fp_slide la_fp_child_section"><div class="wpb_column vc_column_container vc_col-sm-12 vc_col-has-fill"><div class="vc_column-inner vc_custom_1657801225730"><div class="wpb_wrapper"><h3 style="font-size: 18px;color: #ffffff;text-align: center;font-family:Montserrat;font-weight:700;font-style:normal" class="vc_custom_heading vc_do_custom_heading" >À travers nos hamacs tissés à la main, vous contribuez à préserver le patrimoine maya.</h3><div class="btn-wrapper btn-align-center">
    <a class="btn btn-color-white btn-align-center btn-size-md btn-style-outline" href="https://www.pakal-shop.com/fr/hamac-mexicain/" title=""><span>Nos Hamacs Mayas</span></a></div></div></div></div></div>
</div>

Who Made my Hammock? Behind every hammock lies a story — one of hands, heritage, and time. Woven in the Yucatán Peninsula by skilled Mayan hammock makers, each piece carries forward an ancestral craft that predates Columbus, passed down through generations with care and pride. We invite you to step into the story behind each piece — a hammock artisan&hellip;
